he tens digit of i?
8
Suppose 4*u - 3847 - 953 = -4*f, 0 = 5*u - f - 6006. What is the units digit of u?
1
Let p be (-2)/13 + ((-2230)/(-130) - 9). What is the units digit of (5 - 116/p)*-6?
7
Let l(x) = 77*x**3 - 146*x**2 + 14*x + 3. What is the thousands digit of l(7)?
9
Let y be ((-9)/(-6))/(15/(-20)). What is the units digit of ((-1680)/20)/(y/27)?
4
Suppose 6*f + 236 = 10*f. Let k = 100 - f. What is the units digit of k?
1
Let s = -7825 - -8772. What is the units digit of s?
7
Let d = 96627 + -59443. What is the ten thousands digit of d?
3
Let u(y) = -y**3 - 16*y**2 + 17*y. Let f be u(-17). Suppose 5*g = f, 12*m - 8*m - 2316 = 5*g. What is the tens digit of m?
7
Let g = -305 - -764. Suppose 6*z - 5*z = 4*x + 165, -g = -3*z + 3*x. What is the units digit of z?
9
Let x(t) = -6*t + 0*t + 9 + t. Let z be x(1). Suppose g - q - 3*q = 180, -3*g + 572 = -z*q. What is the tens digit of g?
9
Let f(b) = 0*b**2 + 1 - b**2 - 51 - 9*b - 2*b**2 + 4*b**2. What is the hundreds digit of f(-33)?
3
Let z(p) be the first derivative of -3*p**4/4 + 5*p**3/3 + p**2/2 + 7*p + 8. Let g be z(4). Let a = g + 175. What is the units digit of a?
4
Suppose 5*r = 22 - 2, 4*i + 4*r = -16. Let u(h) = h**2 + 7*h - 9. Let k be u(i). Let g(t) = -57*t**3 - 2*t - 1. What is the tens digit of g(k)?
5
Suppose 5*a + 68 = 9*a. Suppose -b + 5*o = a, 4*o + 1 + 3 = 3*b. Let x = b - -70. What is the tens digit of x?
7
Let v = 4184 + 2242. What is the tens digit of v?
2
What is the tens digit of -9*(-18)/810 + ((-96388)/(-5))/2?
3
Suppose 231*h = 229*h + 18. Suppose -1810 = -h*t + 755. What is the hundreds digit of t?
2
Suppose r - 12 = -0*y + y, -2*y + 3*r - 26 = 0. Let s = y - -14. Suppose s*m + g = m + 269, -4*m + 362 = -2*g. What is the units digit of m?
0
Let w(q) = 10*q**2 - 2*q. Let z be w(2). Suppose g - 3*t = 6 + 25, -4*t - z = -g. Let d = 45 + g. What is the units digit of d?
1
Suppose 2*y - 3271 = 5*k, 3*k - y + 1963 = -0*y. Let g = k + 1262. What is the hundreds digit of g?
6
Let p(n) = 7*n**3 + 4*n**2 - 5*n - 7. Suppose 0*z + 6 = 4*z - 2*j, 0 = -4*z - 3*j + 31. What is the tens digit of p(z)?
8
Let l(j) = j**3 + 5*j**2 + 4. Let t = 20 - 37. Let h(r) = 3*r**3 + 16*r**2 + r + 12. Let i(p) = t*l(p) + 6*h(p). What is the tens digit of i(-10)?
4
Let f = -121 - -114. Let l = 10 - f. What is the units digit of l?
7
Let c(h) = -h**3 - 15*h**2 + 13*h - 39. Let i be c(-16). Suppose -i*m + 4001 = -1381. What is the units digit of m?
8
Let s = 7839 + -4682. What is the units digit of s?
7
Suppose 1 = -j + 12. Let i = j + -12. What is the units digit of 1*(i - (-4 + -4))?
7
What is the hundreds digit of 2/50*10 - 63596/(-10)?
3
Let z be (-1)/(69/(-160) - (-12)/30). Suppose 40 - z = 4*t. Suppose 2*n = 2*c - 4*c + 206, t*c = n - 112. What is the hundreds digit of n?
1
Let j be (-51)/(-18) - (-3)/18. Suppose 1218 = 5*x - j*x. What is the units digit of x?
9
Suppose -2*u + 92 = -0*u - 4*z, -z + 110 = 3*u. Suppose -3*i = -5*v - 39 + 110, -2*v = 2*i - u. Let o = v - -87. What is the tens digit of o?
0
Let i be -2*(15/6 + -4). Let t be (25/10 + i)*(2 - 8). Let a = t + 37. What is the units digit of a?
4
Suppose -4*x = 554*l - 555*l - 238418, 12 = 2*l. What is the hundreds digit of x?
6
Let j be (28/(-10) - -3) + 2170/25. Suppose -4*t - 5*g = -j, 0 = -t + 26*g - 27*g + 22. What is the tens digit of t?
2
Let r = -5713 + 10424. Suppose -q + 923 = -5*o, r = 3*q + 2*q - o. What is the units digit of q?
3
Let l(s) = -9*s - 24. Suppose -3*i = 15, 3*i - 4*i = 4*h + 65. Let c be l(h). Suppose -d = -4*d + 5*k + c, 3 = k. What is the tens digit of d?
4
Suppose -21*o + 0*o = 13*o - 305694. What is the tens digit of o?
9
Suppose 0 = 18448*n - 18424*n - 733392. What is the tens digit of n?
5
Let k(q) = -2*q**2 + 195*q - 196. What is the units digit of k(45)?
9
Let b = 1713 - 598. Let z = -638 + b. What is the units digit of z?
7
Suppose 2*o + 79*t - 10525 = 82*t, -2*t = -4*o + 21046. What is the hundreds digit of o?
2
Let p = -8 - -11. Suppose 0 = n + 9*o - 14*o - 17, 0 = 5*n + 5*o + 5. Suppose n*h + 675 = p*y - h, -219 = -y - 2*h. What is the units digit of y?
3
What is the tens digit of 72/(-120) - (-34)/40 - (-153150)/8?
4
Let v(z) = -2*z**3 + 22*z**2 - 3*z + 29. Let k be v(11). What is the units digit of k/(-32)*4 - 571/(-2)?
6
Suppose -2*b + f + 3 = 2*b, 0 = 2*f - 10. Suppose 4*o = -b*n + 834, -5*o + 0*n = n - 1044. What is the tens digit of o?
0
What is the units digit of ((-1317194)/85)/(-19) - 6/10?
5
Suppose 13*o - 350 = 3940. Let x = o + -152. What is the units digit of x?
8
What is the ten thousands digit of 52/546 - (-3816024)/126?
3
Suppose -5*z + 30 = -30. Let o(w) = 4*w**2 - 32*w + 22. What is the tens digit of o(z)?
1
What is the units digit of 203315/(-777)*(-2178)/10?
1
Let u(d) = 1777*d**2 - 197*d - 2. What is the hundreds digit of u(-2)?
5
Suppose -2*m = 5*b - 21561, -22*b + m - 21558 = -27*b. What is the units digit of b?
1
Let h = -236 - -276. Suppose h = 2*a - 1114. What is the hundreds digit of a?
5
Suppose 55 = 20*y - 15*y. Let v = y - 11. What is the units digit of (v - -3)*(-304)/(-12)?
6
Suppose -7*d = -71 + 36. Suppose 3*w - 5*u - 5229 = 0, 0 = u - 3*u. Suppose d*f = -2*f + w. What is the tens digit of f?
4
Suppose 0 = -35*p + 30*p - 4*d - 3806, -2282 = 3*p + 4*d. Let c = p - -1193. What is the units digit of c?
1
Let w(j) = j**2 - 16*j + 51. Let d be w(24). Suppose -6*t + 2181 - d = 0. What is the tens digit of t?
2
Suppose 0 = -2*o + x - 3, 5*x = -5*o - 15 - 30. Let r be o/(-8)*0*-1. Suppose -b + 5*b - 288 = r. What is the units digit of b?
2
Suppose -1752 = -4*t + 3*j, -3*j = -5*t - 0*t + 2190. Suppose -15*z = -282 - t. What is the tens digit of z?
4
Let m be -90*(-1 - 42/12). Suppose -5*c + m = -0*c. What is the units digit of c?
1
Suppose 3*n - 14 - 4 = 0. Let m = n - 8. What is the units digit of 42 - (3 - (-1 - (m + 1)))?
9
Suppose -2*x + 0*x + 18 = 4*k, 2*x + 3*k = 15. Suppose -h - 3*n + 88 = -2*n, 4*h - 356 = -x*n. What is the units digit of h?
2
Let a(p) = 175*p**2 - 275*p - 1121. What is the hundreds digit of a(-4)?
7
Suppose 5*w - 946 = p, 2*w - 758 = -2*w + 2*p. Suppose 0*d - 3*d = -15. Suppose -4*h = 5*g - w, 0 + 5 = d*g. What is the units digit of h?
6
Let k(b) be the third derivative of b**5/3 - b**4/8 + 7*b**3/6 + 65*b**2. What is the units digit of k(2)?
1
Suppose -15*c - 3 + 3 = 0. Let s be c/3 + 8 + -3 + 5. Suppose -3*z + 784 = -f, -s*z + 4*f = -11*z + 244. What is the tens digit of z?
6
Suppose -273*p + 1344060 = -6960327. What is the hundreds digit of p?
4
Let i = 805 + -10. What is the units digit of 1*i/(-12)*(-3 + -1)?
5
Let x(d) = -d**3 + 33*d**2 + 32*d + 46. Let p be x(34). What is the tens digit of ((-60)/(-4))/((10/p)/(-5))?
6
Let b be (-16)/104 + 1/((-52)/(-8)). Suppose -4*y = 2*w - 988 - 822, 3*y + w - 1355 = b. What is the units digit of y?
0
Suppose -1475 = 379*y - 383*y - h, -2*y = -4*h - 760. What is the units digit of y?
0
Let y be (-84)/(-11 + -1) - -166. Let h be 6/(1 - 406/410). Suppose 5*z - 2*p - h = 0, 3*z = -4*p + 568 - y. What is the tens digit of z?
2
Suppose -5*p - 28 = 12. Let j be (-2)/8 - 1402/p. Let g = j - 86. What is the tens digit of g?
8
Suppose u + 1 = 0, o + 27*u = 28*u + 14150. What is the ten thousands digit of o?
1
Suppose 324*y + 259212 = 336*y. What is the tens digit of y?
0
Let n be -4 + -3 + 4 + 8. What is the units digit of n - 13023/(-9) - -3?
5
Suppose -j + 3882 = 2*y, -4*y + 9705 = y - 5*j. Suppose -345 - y = -9*o. What is the tens digit of o?
5
Let o(z) = -z**2 + 11*z - 20. Let d be o(8). Suppose 2*i - 144 = -d*p, p - 2*p = i - 74. What is the units digit of i?
6
What is the ten thousands digit of (1 - -13859) + -12 + 41 + -28?
1
Let a(d) = 10*d**2 - 908*d + 494. What is the units digit of a(122)?
8
Let o(v) = 227*v - 1511. What is the thousands digit of o(19)?
2
Let x = -39 - -55. Let n(w) = -x*w + 3*w**2 - 6*w + 27 - 37. What is the units digit of n(11)?
1
Let w(y) = 5*y**2 - 4*y + 3. Let m be 3/(-1) - (-2 - 1). Let d be m - (-4 - -5)*-2. What is the units digit of w(d)?
5
Suppose d - 7 = 2*o, 0 = 2*d - 2*o + 6*o + 2. Suppose d*m - g = 2139, m - 2*g - 791 + 73 = 0. What is the tens digit of m?
1
Let t = -1967 + 4879. What is the units digit of t?
2
Suppose -17*h + 17 + 0 = 0. Let d(u) = -u**2 - 11*u - 6. 